 - 45. What is the greatest common divisor of 132 and f?
12
Let g = 12 - 12. Suppose 6*u - 3*u - 15 = g. Suppose -u = -4*x + 3. Calculate the greatest common factor of x and 4.
2
Suppose b - 3*l - 1 = -22, l = -4*b - 149. Let a be 40/3 - 24/b. Calculate the highest common divisor of 14 and a.
14
Let r(z) = 161*z**2 - 12*z - 11. Let k be r(-1). What is the highest common divisor of k and 216?
54
Let m = 128 + -63. Calculate the highest common factor of 5 and m.
5
Suppose s = -3*c + 102, 0*c - 319 = -3*s + 4*c. Let m = -24 + 8. Let q be m/(-3)*s/28. What is the greatest common divisor of q and 20?
20
Let y be (-18)/14 + 1 - 2415/(-49). Let c be ((80/(-6))/(-2))/(y/147). What is the highest common factor of 160 and c?
20
Suppose 0 = 3*l - 3, -3*x + 2*l - 36 = -130. What is the greatest common factor of 88 and x?
8
Let v be (-2342)/(-10) - (-2)/(-10). Suppose k + 2*k = v. Let b be ((-3)/6)/((-3)/k). What is the highest common factor of b and 117?
13
Let o be 0/(-2) - 2 - -1. Let r be o + -1 - (-11 + -15). Calculate the highest common factor of r and 8.
8
Suppose -4*y + 0*k - 4*k = -448, -3*k = -y + 96. What is the greatest common factor of y and 72?
36
Let k be 21/(-12) + 731/68. What is the highest common factor of 1 and k?
1
Let x = -137 + 245. Calculate the greatest common divisor of x and 12.
12
Let b(m) = 71*m - 4. Let z be b(-1). Let g = 87 + z. Calculate the greatest common factor of g and 120.
12
Let a be 17 + -14 + (0 - 0). What is the highest common factor of 1 and a?
1
Let m(l) = -21*l - 1729. Let p be m(-83). Let o = -167 + 349. What is the greatest common factor of o and p?
14
Suppose -5*m = -d - 0*m - 17, 5*d = -4*m + 31. Let y = d - -49. What is the highest common divisor of y and 26?
26
Suppose 0 = -8*c + 4*c + 64. Suppose -4 - 6 = -2*v. Suppose -v*t + 47 = -33. Calculate the highest common divisor of c and t.
16
Suppose 5*v = -10, 3*f + 0*f + v - 574 = 0. What is the highest common factor of f and 24?
24
Suppose 1794 = 4*h + 5*c + 211, -c - 781 = -2*h. What is the highest common divisor of 16 and h?
8
Suppose 5*c = -25, 3*u - 410 = -3*c - 98. Let n(h) = 14*h + 3. Let t be n(5). Let b = u - t. What is the greatest common divisor of b and 9?
9
Let w be (-6*3)/(1/(-1)). Let n(o) = 3*o - 38. Let b be n(14). Suppose 0 = -3*a - 9, 0 = -b*t + 3*a - 2*a + 11. What is the greatest common divisor of t and w?
2
Suppose -3*c + 5*c = 98. Let p be 7/2*8/14. Suppose -28 = -6*d + p*d. What is the highest common divisor of d and c?
7
Let q be 14 + (-222)/18 - (-226)/3. Calculate the greatest common divisor of 275 and q.
11
Suppose 4*k - k - 1 = n, 3 = -3*k + 3*n. Let j be 16*k - (-5 + 7). Let y(r) = r**2 - 12*r + 4. Let v be y(j). Calculate the greatest common divisor of v and 4.
4
Let o be (-75)/2*3*(-10)/15. Calculate the highest common factor of o and 6.
3
Let n = 560 + -336. What is the highest common factor of 96 and n?
32
Suppose 29*h = -12*h + 1968. What is the highest common divisor of h and 232?
8
Let o = -504 + 528. Calculate the highest common divisor of o and 228.
12
Suppose 3*s = -j + 15, -8*s = -4*s + 5*j - 9. Suppose 2*w + 0*w - s = 0, -5*w = -r - 11. Let h = 5 - r. Calculate the highest common factor of 4 and h.
1
Let a = 42 + -36. Suppose 2 + 58 = a*m. What is the highest common factor of m and 40?
10
Let u be ((-2)/3)/(14/(-105)). Let y be (-86)/5 - 4/u. Let q = 33 + y. What is the highest common factor of q and 30?
15
Let t(p) = 2*p + 2. Let l be t(-6). Let k = l + 14. Calculate the highest common factor of 28 and k.
4
Let c(y) = -y**3 + 7*y**2 + 8*y + 10. Let s be c(8). Let x = -7 + s. Suppose 23 + 10 = x*w. What is the greatest common divisor of w and 55?
11
Let l be (-3)/3 - (-5 - -4). Suppose -2*w + l*w + 54 = 0. What is the highest common divisor of w and 3?
3
Let y(q) = 5*q + 134. Let s be y(-25). Let l = -4 + 2. Let x(o) = -o**3 + 2*o**2 - o. Let b be x(l). Calculate the highest common divisor of b and s.
9
Let w = 173 + -105. What is the greatest common factor of 4 and w?
4
Let c(d) = -d**2 + 220. Let a be c(0). Let r(j) = -j**2 + 10*j - 4. Let b be r(4). What is the highest common divisor of a and b?
20
Let z = -48 - -108. What is the greatest common divisor of z and 18?
6
Let a(r) = 65*r. Let g be a(2). Let n = g + -60. Suppose -5*d - 140 = -10*d. What is the highest common factor of n and d?
14
Suppose 4*n - 2293 = -x, -552 = -0*n - n + 4*x. Calculate the greatest common factor of n and 44.
44
Suppose -5*r = h - 188, 130*r - 129*r - 5*h - 22 = 0. Calculate the highest common factor of r and 185.
37
Suppose -387*o - 7735 = -392*o. Calculate the highest common divisor of 357 and o.
119
Let j(x) = -9*x**3 - x**2 - 2. Let z be j(-2). Suppose 2*i - 26 = -14. What is the greatest common divisor of z and i?
6
Let y(o) = -o**3 + 7*o**2 + 34*o - 36. Let m be y(9). What is the highest common divisor of 99 and m?
9
Suppose 4*n = 5*p + 6105, -12*p + 7641 = 5*n - 15*p. What is the greatest common factor of 340 and n?
170
Suppose 6*o = 2*o + 8. Let b(a) = -2*a**2 - 16*a + 29*a**o + 21*a + 7. Let p be b(-2). What is the highest common divisor of p and 21?
21
Let b(q) = -5*q**2 - 67*q - 4. Let a be b(-13). Calculate the greatest common divisor of a and 22.
22
Let y = 475 + -431. Calculate the greatest common divisor of 33 and y.
11
Let u be 4 + -7 + (-20)/(-4). Suppose 0 = w + 4*b - 28, u*b = b + 3. Let f(c) = 31*c**3 + 1. Let h be f(1). Calculate the highest common factor of h and w.
16
Let x = -302 + 157. Let f = x - -334. What is the highest common factor of 27 and f?
27
Suppose i + w = 4*i - 2, -5*i - w = -14. Let t be ((-12)/(-8))/((-2)/(-4)). Let m be (3/t - 0)*16. What is the highest common divisor of m and i?
2
Suppose i + 159*b - 157*b - 55 = 0, 0 = -5*i - 2*b + 315. Calculate the highest common factor of 15 and i.
5
Suppose -13*v - 360 = -9*v. Let c = -48 - v. Calculate the greatest common factor of 6 and c.
6
Suppose -5*q = 4*j + j - 4100, -q = 0. What is the highest common divisor of 40 and j?
20
Let q be (-57023)/(-1270) + ((-6)/20)/(-3). What is the highest common divisor of q and 255?
15
Let v be 1*1/(-1)*9. Let u be (-25)/v + (-2)/(-9). Let c = 150 - 149. Calculate the highest common factor of u and c.
1
Let v(c) = 6*c - 2. Let g be v(-1). Let o(h) = -h**2 - 10*h - 11. Let w be o(g). Let n be w/(-15) + 44/6. Calculate the highest common factor of n and 28.
7
Let a be (-2)/(-10) + 7031/395. Calculate the highest common divisor of 99 and a.
9
Suppose 31 = 4*g - 5*g. Let z = g - -43. What is the greatest common divisor of z and 6?
6
Let z = -40 - -53. Suppose 0 = -z*b - 5*b + 216. Calculate the greatest common divisor of 24 and b.
12
Suppose -3*f + 737 = -41*b + 45*b, 5*b - f = 907. Calculate the highest common factor of b and 126.
14
Suppose -4*i - 5*c = -6800, 5*c - 1656 = -3*i + 3444. What is the greatest common divisor of 10 and i?
10
Suppose 0 = 5*q + d - 383, -3*d = 6*q - q - 379. What is the highest common divisor of q and 22?
11
Let r be (-10 - 2)*1/(-3). Let x(h) = h**3 - 3*h**2 - 2*h - 2. Let k be x(r). Let t = 18 - 6. Calculate the highest common factor of k and t.
6
Let j = -578 + 584. Calculate the greatest common factor of 84 and j.
6
Let x be -3 - 1/((-1)/102). Suppose -y + 3*w - 2 = 12, 4*w = 20. Let p be (3/(-2))/(y/(-6)). Calculate the greatest common divisor of p and x.
9
Let z = 134 + -61. Suppose 8*d + 1 - z = 0. What is the highest common divisor of 81 and d?
9
Let n be (-3)/1 - (-2)/(-4)*-58. Calculate the greatest common factor of 494 and n.
26
Let p be 88/(24/(-6))*42/(-4). Suppose 5*r - i = p, -r + i - 4*i + 43 = 0. What is the greatest common divisor of 69 and r?
23
Let l be 9/2*(-32)/(-24). Let n(w) = -w + 5. Let d be n(l). Let r be 6/(-8)*144/d. What is the highest common factor of r and 12?
12
Suppose -6*t + 34 = -5*t. Let f = -308 + 284. Let n = f + t. Calculate the highest common divisor of 110 and n.
10
Let u(m) = -19*m + 61 - 6*m - 13*m**2 + 12*m**2. Let o be u(-27). What is the greatest common factor of o and 1?
1
Suppose 7*a - 4*g - 476 = 3*a, 5*g = -a + 95. What is the highest common divisor of 5 and a?
5
Suppose 20*c = 11*c + 63. Suppose c*d - 243 = 163. What is the highest common factor of 145 and d?
29
Let q be 4 - (5/15 + 0)*-33. What is the greatest common factor of q and 39